36?
2, 7, 37, 99251
List the prime factors of 893277853.
13, 68713681
List the prime factors of 1345744234.
2, 103, 6532739
List the prime factors of 56481815.
5, 13, 868951
What are the prime factors of 1700657441?
7, 17, 157, 227, 401
What are the prime factors of 516139900?
2, 5, 47, 193, 569
What are the prime factors of 213725165?
5, 1811, 23603
List the prime factors of 45009269.
2801, 16069
List the prime factors of 534758137.
17, 31456361
What are the prime factors of 323421384?
2, 3, 11, 13, 659
What are the prime factors of 69717204?
2, 3, 17, 6701
List the prime factors of 85842752.
2, 1341293
What are the prime factors of 428822694?
2, 3, 7941161
List the prime factors of 5305840806.
2, 3, 7, 126329543
List the prime factors of 812500638.
2, 3, 31, 619, 7057
What are the prime factors of 2605033653?
3, 2477, 350563
What are the prime factors of 201601532?
2, 11, 23, 199211
List the prime factors of 521116925.
5, 7, 71, 41941
List the prime factors of 895019459.
227, 1361, 2897
What are the prime factors of 4346054?
2, 359, 6053
What are the prime factors of 38098634?
2, 7, 29, 107, 877
List the prime factors of 319304840.
2, 5, 47, 169843
List the prime factors of 123568535.
5, 23, 1074509
What are the prime factors of 23761176?
2, 3, 179, 5531
What are the prime factors of 639664552?
2, 79958069
What are the prime factors of 83339181?
3, 9259909
List the prime factors of 168504584.
2, 71, 296663
What are the prime factors of 203826794?
2, 19, 43, 79, 1579
List the prime factors of 3152889705.
3, 5, 7, 53, 566557
What are the prime factors of 29768136?
2, 3, 19, 97, 673
What are the prime factors of 1170210490?
2, 5, 157, 745357
List the prime factors of 80683211.
7, 167, 69019
List the prime factors of 2097965325.
3, 5, 17, 1645463
What are the prime factors of 878369158?
2, 17, 41, 630107
What are the prime factors of 980925296?
2, 13, 17, 277411
What are the prime factors of 1299458113?
1123, 1157131
List the prime factors of 1196459263.
1196459263
What are the prime factors of 2137717362?
2, 3, 11, 32389657
What are the prime factors of 1691109888?
2, 3, 13, 84691
What are the prime factors of 7518220?
2, 5, 199, 1889
List the prime factors of 89088897.
3, 29696299
What are the prime factors of 1401612?
2, 3, 271, 431
List the prime factors of 474447126.
2, 3, 31, 2550791
List the prime factors of 13174191.
3, 487933
What are the prime factors of 5475882?
2, 3, 912647
List the prime factors of 441070821.
3, 31, 37, 42727
What are the prime factors of 25077498?
2, 3, 23, 181721
List the prime factors of 4757039462.
2, 7, 19, 2554801
What are the prime factors of 5245859246?
2, 31, 839, 100847
What are the prime factors of 17337904?
2, 37, 29287
What are the prime factors of 27027251?
59, 127, 3607
List the prime factors of 709019614.
2, 354509807
List the prime factors of 2113395295.
5, 11, 38425369
List the prime factors of 1236004542.
2, 3, 2711, 8443
List the prime factors of 2227981.
7, 41, 1109
What are the prime factors of 110661417?
3, 4098571
List the prime factors of 578659616.
2, 1117, 16189
What are the prime factors of 5239584344?
2, 73, 2713, 3307
List the prime factors of 729595121.
23, 59, 223, 2411
List the prime factors of 180270262.
2, 8017, 11243
List the prime factors of 32126047.
127, 131, 1931
List the prime factors of 756289236.
2, 3, 63024103
List the prime factors of 98728512.
2, 3, 23, 79, 283
List the prime factors of 399875290.
2, 5, 4801, 8329
What are the prime factors of 1454313653?
13, 821, 136261
List the prime factors of 861836634.
2, 3, 23, 37, 56263
What are the prime factors of 109987284?
2, 3, 11, 83, 10039
What are the prime factors of 1466780883?
3, 53, 101, 149, 613
What are the prime factors of 6612152?
2, 19, 41, 1061
What are the prime factors of 2895638044?
2, 13, 55685347
List the prime factors of 3522825401.
55339, 63659
List the prime factors of 5728552.
2, 31, 23099
What are the prime factors of 8981632?
2, 11, 6379
List the prime factors of 389180127.
3, 7, 18532387
List the prime factors of 6799177566.
2, 3, 83, 151, 30139
List the prime factors of 111563467.
111563467
What are the prime factors of 909860674?
2, 29, 15687253
List the prime factors of 834741890.
2, 5, 83474189
List the prime factors of 56932623.
3, 11, 575077
What are the prime factors of 630613204?
2, 13, 12127177
What are the prime factors of 242384113?
17, 89, 160201
What are the prime factors of 386742313?
613, 630901
List the prime factors of 4030898715.
3, 5, 239, 271, 461
What are the prime factors of 43219393?
7, 449, 13751
What are the prime factors of 604598577?
3, 11, 18321169
What are the prime factors of 542707340?
2, 5, 7, 101, 5483
List the prime factors of 1475491530.
2, 3, 5, 401, 122651
What are the prime factors of 36033999?
3, 17, 491, 1439
What are the prime factors of 252960247?
311, 813377
List the prime factors of 1125978392.
2, 7, 11, 43, 42509
What are the prime factors of 105935079?
3, 23, 1535291
What are the prime factors of 160489017?
3, 13, 37, 131, 283
What are the prime factors of 104767994?
2, 73, 717589
What are the prime factors of 1519647?
3, 17, 83, 359
List the prime factors of 289574762.
2, 144787381
What are the prime factors of 1314815265?
3, 5, 41, 241, 2957
List the prime factors of 75053566.
2, 7, 29, 401, 461
What are the prime factors of 686152597?
13, 199, 265231
What are the prime factors of 2376337123?
269, 911, 9697
List the prime factors of 79378134.
2, 3, 11, 17, 263, 269
What are the prime factors of 257755570?
2, 5, 89, 109, 2657
List the prime factors of 198154512.
2, 3, 152897
List the prime factors of 16417674.
2, 3, 7, 13, 257
What are the prime factors of 32076966?
2, 3, 647, 8263
What are the prime factors of 1734174673?
7, 11, 61, 193, 1913
List the prime factors of 1717520633.
1717520633
List the prime factors of 4871703823.
7, 29, 79, 43397
What are the prime factors of 20968142?
2, 13, 806467
List the prime factors of 565435198.
2, 17, 2203, 7549
List the prime factors of 278296287.
3, 19, 113, 43207
List the prime factors of 1679027.
7, 131, 1831
List the prime factors of 49984486.
2, 3079, 8117
List the prime factors of 4415802.
2, 3, 37, 19891
What are the prime factors of 268240879?
19, 337, 41893
What are the prime factors of 3533425?
5, 7, 61, 331
List the prime factors of 451241416.
2, 23, 2452399
What are the prime factors of 180396350?
2, 5, 17, 83, 2557
List the prime factors of 540134660.
2, 5, 13, 19, 53, 2063
What are the prime factors of 1383679595?
5, 71, 73, 107, 499
What are the prime factors of 122251203?
3, 613, 22159
What are the prime factors of 94803233?
7, 29, 179, 2609
List the prime factors of 158599524.
2, 3, 191, 69197
What are the prime factors of 5045011?
5045011
What are the prime factors of 62646469?
373, 167953
List the prime factors of 217724758.
2, 4993, 21803
List the prime factors of 4222495.
5, 844499
List the prime factors of 107172638.
2, 53586319
What are the prime factors of 8681605?
5, 47, 36943
List the prime factors of 536330682.
2, 3, 103, 289283
What are the prime factors of 119178780?
2, 3, 5, 7, 5791
What are the prime factors of 761474499?
3, 271, 499, 1877
List the prime factors of 822959521.
19, 271, 277, 577
List the prime factors of 57898353.
3, 19299451
What are the prime factors of 1517331130?
2, 5, 7, 577, 37567
List the prime factors of 200826465.
3, 5, 7, 1912633
List the prime factors of 1965472694.
2, 71, 13841357
List the prime factors of 26937189.
3, 197, 15193
What are the prime factors of 147808638?
2, 3, 19, 16007
List the prime factors of 21273196.
2, 7, 759757
What are the prime factors of 63075319?
29, 1201, 1811
What are the prime factors of 10642114?
2, 7, 31, 113
What are the prime factors of 65091629?
65091629
List the prime factors of 209045263.
7, 29863609
What are the prime factors of 104088884?
2, 26022221
List the prime factors of 2079320541.
3, 17, 40770991
List the prime factors of 47518986.
2, 3, 109, 113, 643
List the prime factors of 22317557.
4057, 5501
List the prime factors of 2669118058.
2, 1334559029
List the prime factors of 272416495.
5, 13, 409, 10247
What are the prime factors of 455220224?
2, 97, 4583
What are the prime factors of 1112221?
11, 101111
Wha